 prime factors of l(-9)?
5
Let n(h) = -50*h - 34. What are the prime factors of n(-6)?
2, 7, 19
Suppose -4 = -3*f + 5. Suppose f*i + 2*i - 60 = 0. List the prime factors of i.
2, 3
Suppose c = -2*b + 23, -2*c - 3*b = -3*c + 43. What are the prime factors of c?
31
Suppose 276 = 2*o + 4*p, 4*o + 4*p = -0*o + 568. List the prime factors of o.
2, 73
Let c(v) = v - 4. Let g be c(8). Suppose -3*p + 2*j = -2, 0 = -g*p + 4*j - 1 - 3. Suppose -p*o + 4*s + 27 = 5*s, -2*o - s + 15 = 0. List the prime factors of o.
2, 3
Suppose b - 2 = 2*y - 14, 0 = -2*b - 4*y + 16. Let w be b/(-6) + (-1795)/(-15). Suppose -5*l + w = -0*l. What are the prime factors of l?
2, 3
Let t(w) = 7*w - 7. Let p(g) = g - 5. Let x be p(9). List the prime factors of t(x).
3, 7
Suppose 8 + 4 = 3*v. Suppose -2*u = -3*u + v*p - 14, 5*p = 3*u + 14. Suppose 4*d + 32 = 4*w, -3*w + 3*d = u*w - 44. What are the prime factors of w?
2, 5
Let q = 40 + -16. List the prime factors of q.
2, 3
Let g be (-2)/(((-4)/(-6))/(-1)). Let t(r) = r**2 - r + 4. List the prime factors of t(g).
2, 5
Let q(w) be the second derivative of -w**5/20 + 5*w**4/12 + w**3/6 + w**2/2 + w. List the prime factors of q(5).
2, 3
Let m(c) = c**3 + 8*c**2 - c - 11. What are the prime factors of m(-7)?
3, 5
Suppose -2*y + 62 = 3*b, -20 + 188 = 4*y - 5*b. List the prime factors of y.
37
Let z(t) = 48*t. Let u be (-2)/8 + 10/8. Let x be z(u). Suppose p = -3*p + x. List the prime factors of p.
2, 3
List the prime factors of (11/(-2) + 6)*150.
3, 5
Let d(t) = -47*t - 6. Let i be d(12). List the prime factors of i/(-24) - 1/(-4).
2, 3
Suppose -2*p + 33 = -3*p. Let x = -19 - p. Suppose -6 = -5*y + x. What are the prime factors of y?
2
Suppose 5*k + d = -0*d, -4*k - 4*d - 16 = 0. Suppose -3*j = -k - 5. Suppose -2*r + 2 = -j. What are the prime factors of r?
2
Suppose 71 - 27 = d. Let p = -30 + d. List the prime factors of p.
2, 7
Let c = -129 + 184. What are the prime factors of c?
5, 11
Let u be ((-3)/6 + 0)*2. Let q be u + (-2 - -2) + 14. Suppose 3*k = 2*g + q, 5*k + 3*g = -2*g + 5. What are the prime factors of k?
3
Suppose 3*j + 2*j = 20. Suppose -3*r + 36 = -4*c, 3*c - 3*r - r = -34. What are the prime factors of (-1 + j)*(-20)/c?
2, 5
Let i(l) = -l**3 + 2*l**2 + 2*l + 3. Let u = 1 + -3. List the prime factors of i(u).
3, 5
Let d be 1 - (-2 + 3 - 3). Let j = d + -1. List the prime factors of j.
2
Let x(k) be the first derivative of -1 - 1/4*k**4 + 3*k**3 + 6*k**2 - 10*k. What are the prime factors of x(10)?
2, 5
Let n(x) = x**2 + 2*x + 2. Let r be n(-2). Suppose 5 + 1 = -r*w. What are the prime factors of (-4)/(-12) + (-20)/w?
7
Let x(i) = 6*i + 8 + 2 - 3 + 0*i**2 - i**2. What are the prime factors of x(6)?
7
Let p(c) = -c**3 - 7*c**2 - 5*c + 6. Let t be p(-6). Suppose z - 22 = -t*z. What are the prime factors of z?
2, 11
Let z be (-5)/(-3) + (-1)/(-3). Suppose -g - z = -6. Suppose -4*k + 3 = -1, 4*p = -g*k + 40. What are the prime factors of p?
3
Suppose -5*z = -2*l + 56, 17 + 46 = 3*l + 3*z. List the prime factors of l.
23
Let d = -9 - -11. List the prime factors of (1 - (-21)/2)*d.
23
Let g(i) = i**2 - 3*i - 2. Let r be g(5). Let f(v) = -v**3 + 8*v**2 + v + 2. List the prime factors of f(r).
2, 5
Let m(g) = g**2 - 1. Let k be m(2). What are the prime factors of ((-20)/(-3))/(k/9)?
2, 5
Let z = 1 - -4. Suppose -z*j + 3*j = -28. What are the prime factors of j?
2, 7
Let j be 3/(6/(-10))*-1. Suppose j*k - 186 = -n, 3*n + 10 = -2. What are the prime factors of k?
2, 19
Let z = 268 + -18. List the prime factors of z.
2, 5
Suppose -18*h + 9 = -15*h. Suppose 5*x = 2*i + h*i + 215, 0 = -3*i + 6. List the prime factors of x.
3, 5
Let n(x) = x**3 - 6*x**2 + 4*x - 5. What are the prime factors of n(6)?
19
Let d = 113 - 65. What are the prime factors of d?
2, 3
Suppose 2*h = 10 - 4. Suppose -2*r + 28 = -a + h*a, -r + 5*a + 8 = 0. What are the prime factors of r?
13
Let g = -106 + 183. List the prime factors of g.
7, 11
Let o = -9 - -6. Let l = o + 8. List the prime factors of 5/2*18/l.
3
Suppose -3*h = -3*a + 153, h = -a - 0*h + 45. List the prime factors of a.
2, 3
Let x be (-16)/(-10)*1*30. Suppose 0 = -3*v + 7*v - x. List the prime factors of (16/6 - 2)*v.
2
Suppose -4*j + 8*j = 5*x + 515, 0 = -j + x + 129. What are the prime factors of j?
2, 5, 13
Let p(r) = r - 3. Let o be p(11). Let c = o - -21. List the prime factors of c.
29
Let f = -2 + 2. Let a = 2 + f. Suppose 0 = 5*d - a*d - 12. List the prime factors of d.
2
Suppose -11 - 24 = 5*y. Let x = -5 - y. List the prime factors of x.
2
Let p(f) = -2*f**2 + 2*f + 2. Let r be p(4). Let x = r - -51. What are the prime factors of x?
29
Suppose 2*r - 108 = -2*x - 2*x, 0 = -2*r - 5*x + 106. List the prime factors of r.
2, 29
Suppose 2*f + b = -24, 0 = -2*f + f + 4*b - 3. Let y(c) = -9*c + 9. Let j be y(3). Let r = f - j. What are the prime factors of r?
7
Suppose -150 = -2*w - 0*w. Let h = w - 50. List the prime factors of h.
5
Suppose -x - 3*z + 4 = -0*x, 3*x - 2*z - 12 = 0. Suppose d + q = 7, x*d - 3 = 2*q - q. Suppose -48 = -h - d*h. List the prime factors of h.
2
Suppose -9 + 0 = -3*k. Suppose 3*a = -c + 13, 2*a = k*a + 4*c + 14. What are the prime factors of a?
2, 3
Let j(a) = 4*a - 6*a + 0 - 3. What are the prime factors of j(-6)?
3
Let k be (5/25)/((-2)/(-10)). Let x(d) = 12*d**2 + 1. List the prime factors of x(k).
13
Let m(i) = i**3 + 3*i**2 - 3*i + 5. Let z be m(-4). Suppose -c + 6 = -z. What are the prime factors of c?
7
Let n = -15 + 21. Suppose 9 = -5*d + 54. Let z = n + d. List the prime factors of z.
3, 5
Let y be (3 - 1) + -1 + -1. Suppose 0 = -t - o - 2*o + 5, y = -4*t + o + 59. Let x = t - 10. What are the prime factors of x?
2
Suppose 3*j - 2 = 5*s, -s - 3 = -5. List the prime factors of (-6)/j*(-160)/24.
2, 5
Let m = 18 + -12. Suppose s - 10 = a, m*s + 4*a = 2*s + 56. List the prime factors of s.
2, 3
Let q be (-5)/2*(-32)/20. Suppose -4*d + 20 + 0 = 0. What are the prime factors of 1*d + (3 - q)?
2
Let z = 18 + 69. Suppose -z = 2*x + x. Let w = -16 - x. What are the prime factors of w?
13
Let r be 9/6 - (-6)/(-4). Suppose 2*g = -r*g + 14. List the prime factors of g.
7
Suppose 2*d - 63 = -b, -d = 5*b - 7*b + 111. List the prime factors of b.
3, 19
Suppose 2*i = 3*h - 55, 2*i + 0*i = -4*h + 64. Suppose 7*b = 2*b - g + 30, 0 = 2*b + 5*g + 11. Suppose -b = u - h. What are the prime factors of u?
2, 5
List the prime factors of 484/(-33)*(-30)/8.
5, 11
Suppose j = -5*g + 15, 3*j - 31 = -3*g + 2*g. What are the prime factors of j?
2, 5
Suppose -h - 3 = 0, 4*h + 10 = -k - 0*h. Suppose -2*w = 5*j - 171, -3*j = -j + k*w - 66. List the prime factors of j.
5, 7
Let w(r) be the first derivative of -r**3/3 + 5*r**2 - 12*r + 5. What are the prime factors of w(8)?
2
Let z(i) = -i + 3. Let b be z(4). Let y be (-5 + 0)/(0 - b). List the prime factors of 0 - (y + -2 + 1).
2, 3
Let p(y) = 2*y - 3. Suppose 5*r - 13 = j, 0 = -3*r + j - 0 + 7. Let x be p(r). Suppose x*k + 56 = 7*k. What are the prime factors of k?
2, 7
Let d be (20/6)/(2/(-3)). Let w = d - -22. What are the prime factors of w?
17
Suppose 4*w = -2*k + 476, -8 = -18*k + 22*k. List the prime factors of w.
2, 3, 5
Let d(n) = -n**3 - 5*n**2 + 8*n - 3. What are the prime factors of d(-7)?
3, 13
Let k = -5 + 7. Let g = k - 5. What are the prime factors of g - -4 - (-22)/2?
2, 3
Let x(y) = -y**3 - 9*y**2 - 9*y + 10. Let v be x(-7). Let u(c) = -c**2 + 2*c + 9. Let f be u(6). Let w = f - v. List the prime factors of w.
2, 5
Let t = 9 - 6. List the prime factors of (20/t)/(12/18).
2, 5
Let h(u) be the third derivative of -u**4/24 + 19*u**3/6 + 3*u**2. Let w be h(10). List the prime factors of (-305)/(-45) - (-2)/w.
7
Let t = -4 - -4. Let m(y) = -y**3 + y + 11. List the prime factors of m(t).
11
Let i be (-8)/14*21/(-6). Suppose 0 = i*c + c. Suppose -3*d + 57 = -c*d. What are the prime factors of d?
19
Let m(u) = -4*u**2 + 7*u + 8. Let o(t) = -3*t**2 + 7*t + 7. Let y(a) = 4*m(a) - 5*o(a). List the prime factors of y(-6).
3
Suppose -5*s - 9 + 34 = 0. Suppose -3*g + 93 = -5*c, 11 = s*g + 3*c - 110. List the prime factors of g.
2, 13
Suppose 4*q = -0*q + 12. Suppose q*t + 6 = -0*t. What are the prime factors of 2*1 - 0/t?
2
Let v(l) = l**3 + 8*l**2 - 8*l + 11. Let p be v(-9). Suppose 28 + 0 = 4*t. Suppose 9 + t = p*j. List the prime